 greatest common divisor of 12 and x?
12
Suppose 4*l + 5*n = 25, 4*l - 2*n = 2*l - 10. Suppose y - 3*q - 22 = l, 0*q - 2*q = 4*y - 32. What is the highest common divisor of y and 15?
5
Suppose -4*m = 5*g - 33, 0 = -2*g + 4*g - 2. Let o = -10 + 13. Suppose -m = -5*k + o. Calculate the greatest common factor of k and 4.
2
Let f(j) = -j**2 - 9*j + 3. Let t be f(-9). Let d be (t/(-9))/((-2)/12). What is the highest common factor of 16 and d?
2
Suppose -8 = 4*v, 2*q - 2*v = -65 + 7. Let j = 11 - q. What is the greatest common factor of 14 and j?
14
Let i(q) = 3*q. Let u be i(8). What is the greatest common divisor of u and 16?
8
Let n(h) = 4*h**2 + 6*h - 2. Let t be n(-5). Suppose -3*m = -75 + 24. Calculate the highest common divisor of t and m.
17
Let p = 10 - 2. Suppose -3*d = -d - p. Suppose -5*r = -2*u - 171, -d*r - 4*u = -15 - 105. What is the greatest common divisor of r and 11?
11
Let i be (6 + -1)/(4/80). Let k = -8 + 48. What is the greatest common divisor of i and k?
20
Let x be 1114/10 - (-4)/(-10). Let d be 8 + -11 - (-70 - 0). Let m = x - d. Calculate the highest common divisor of m and 11.
11
Let k(d) = -2*d - 8. Let u be k(-5). Calculate the highest common factor of 6 and u.
2
Let a be 567/28*(-8)/(-2). Suppose 0 = 4*d - 19 - a. What is the greatest common divisor of d and 10?
5
Suppose 14 = 9*i - 7*i. What is the highest common divisor of 35 and i?
7
Let k be 30/5 + -1*2. Suppose 0 = 4*f + 6*r - 4*r - 34, k*f + 5*r = 49. What is the highest common factor of f and 12?
6
Suppose 4*f = 2*l + 110 + 4, -4*l - 78 = -3*f. Calculate the greatest common factor of 12 and f.
6
Let q(s) = -s - 2 - 3 - s + s**2 + s. Let h be q(5). Calculate the greatest common divisor of h and 135.
15
Suppose 2*d - d + f - 12 = 0, -37 = -3*d - 4*f. What is the highest common divisor of d and 66?
11
Suppose -2*r = -6*r + 600. Suppose 5*q + 0*k - r = -2*k, -130 = -5*q + 2*k. Calculate the greatest common divisor of 7 and q.
7
Let w(c) = c + 1. Let z be w(-3). Let j = z + 2. Let f be 3*(30/9 + j). Calculate the highest common factor of 5 and f.
5
Suppose h + 5 = 16. What is the highest common factor of 22 and h?
11
Suppose 4*o - 19 = 29. Calculate the highest common factor of o and 15.
3
Let w(c) = 5*c + 9. Let r be w(11). Suppose 0 = -5*h + 2*h + 27. Let o be (24/9)/(3/h). Calculate the highest common factor of o and r.
8
Let r(v) = v - 2. Let c be r(8). Suppose -60 = -y - y. Calculate the greatest common divisor of y and c.
6
Suppose -8*q = -65 - 95. Let z(f) = -4*f. Let k be z(-1). Calculate the greatest common divisor of q and k.
4
Let h(y) = y - 6. Let a be h(7). Suppose 0 = -k + 4*k + 36. Let v = 23 + k. Calculate the highest common divisor of a and v.
1
Let p = -14 + 10. Let u = 8 + p. Suppose u*t - t = 27. What is the greatest common divisor of 72 and t?
9
Suppose 4*t = -0*z + 5*z - 233, 141 = 3*z - 3*t. Let l = -6 - -5. Let w be (0 + l)*(-5 + 0). Calculate the highest common divisor of w and z.
5
Suppose 0 = 3*x - 43 + 10. Suppose -6*r = -212 + 14. What is the greatest common divisor of r and x?
11
Let f be -3 + (-62)/3*(-12)/8. What is the highest common divisor of 4 and f?
4
Let f = -7 + 13. What is the highest common factor of 48 and f?
6
Suppose -11*g - 28 = -721. Calculate the greatest common divisor of g and 14.
7
Let m be (-2)/6 - (-46)/3. Let x be (-219)/m + 4/(-10). Let u = -2 - x. What is the greatest common factor of 39 and u?
13
Let b(m) = -22*m. Let n be (-1 + 3)*6/(-12). Let a be b(n). What is the highest common divisor of 2 and a?
2
Let n(x) = x + 1. Let t be n(1). Suppose 5*j = 2*k + 14, t*j + k - 4 = -j. What is the greatest common factor of j and 2?
2
Let o(z) = -z**3 - 5*z**2 + z + 5. Let c be o(-5). Suppose -3*y = -c*y - 429. Let h be -1*(-13 - 0/2). Calculate the highest common factor of h and y.
13
Let a be 9*((-78)/9 - 0). Let g be ((-8)/(-2))/((-3)/a). What is the greatest common factor of g and 13?
13
Let i(k) = -34*k - 6. Let o be i(-6). Calculate the greatest common factor of 22 and o.
22
Let a be 7 - (2 - (6 + -4))*1. Calculate the greatest common factor of 28 and a.
7
Suppose -3*s = 2*s - 125. Let o(d) = -d**3 - 17*d**2 - 16*d + 5. Let m be o(-16). What is the greatest common divisor of m and s?
5
Suppose 0 = 2*q - 70 - 16. Let l = q + 1. Calculate the greatest common divisor of 11 and l.
11
Suppose 0 = 3*a + a. Let t be 0 + (62 - a - 2). Suppose 3*r = 6*r - 36. What is the greatest common divisor of r and t?
12
Suppose -584 = -2*l + 5*f, -l + 303 = -0*l + 3*f. Let n be (-16 + -3)/((-2)/2). Suppose -46 + n = -c. Calculate the greatest common factor of l and c.
27
Suppose u - 3 = -3*c + 1, -2*u = -2*c - 40. Calculate the highest common divisor of u and 48.
16
Let r be 19 - (4/(2 - 1) - 1). Calculate the greatest common factor of r and 4.
4
Let j(n) = 2*n**2 + n + 28. Let l be j(0). Let o = -133 - -189. Calculate the highest common factor of l and o.
28
Let s be 6/(-18) - 226/(-3). Let i(o) = 16*o + 2. Let b be i(3). What is the highest common factor of b and s?
25
Let w be 52/7 - (-12)/21. Let u(p) = -2*p. Let f be u(-4). Calculate the highest common factor of f and w.
8
Let p(q) = q**3 + 8*q**2 + 6*q - 1. Let z be p(-3). Let t be -13*(-3*1 + 2). Calculate the highest common factor of z and t.
13
Let m(y) be the second derivative of 61*y**3/6 - y. Let a be m(1). Suppose 0 = -2*n + 35 + a. Calculate the greatest common factor of 16 and n.
16
Let i(g) = -g**3 - 4*g**2 - 5*g + 6. Let a be i(-5). Let s(t) = t**2 - 4*t + 2. Let b be s(5). Calculate the greatest common factor of a and b.
7
Let p(t) = -5*t**3 - 2*t**2 + 4*t + 1. Let y be p(-4). What is the highest common factor of y and 21?
21
Let r be (-3 - -2)/(3/(-6)). Suppose -126 = -4*p + r*p. What is the highest common divisor of 7 and p?
7
Let i be 9/12 - (-258)/8. What is the greatest common divisor of 3 and i?
3
Let t = 4 - -1. Suppose t*d - 32 = d. What is the highest common divisor of d and 56?
8
Suppose 0 = -9*z + 145 + 305. Calculate the highest common divisor of z and 25.
25
Let v = 5 - 9. Let r(i) = -2*i**3 + 6*i**2 + i**3 - 3 + 2*i**3 + 4*i. Let l be r(v). What is the highest common factor of l and 117?
13
Let w = 24 + -17. What is the highest common factor of 49 and w?
7
Let g = 3 - -2. Suppose j = m - 1, g*j - m + 3*m = 23. Suppose -3*l - 3 = 3*b - 15, j*b + 12 = 3*l. What is the greatest common factor of l and 16?
4
Suppose 0 = 3*t + h - 660, -2*t + 3*h - 220 = -3*t. Calculate the greatest common factor of t and 44.
44
Let q be 3/(-6) - (-14)/4. Suppose -q*b + 582 = 78. Calculate the greatest common factor of b and 24.
24
Suppose -5*n - 1 + 31 = 0. Suppose n*f - 4*f = 6. What is the highest common divisor of f and 33?
3
Let y(r) = -r**3 - 10*r**2 - 15*r - 19. Let a be y(-9). Calculate the greatest common divisor of a and 21.
7
Let v be (-12)/(-21) + 1120/98. What is the greatest common divisor of 96 and v?
12
Let r be (12/(-20))/((-2)/10). What is the greatest common factor of 9 and r?
3
Suppose 0 = 3*o + 4*y - 10, -6 + 20 = 3*o + 5*y. Let l be 7/(-5) - o/5. Let j be 0 + 0 - (l + -6). What is the highest common divisor of j and 14?
7
Let p be (0 - 1) + 56 + -1. Let x be 26/10 + 4/10. Suppose 36 = 4*r + x*v, -r + 2*v - 1 = 1. What is the highest common factor of p and r?
6
Let m(d) = 2*d**2 + 8*d + 2. Let w be m(4). Calculate the highest common divisor of w and 6.
6
Suppose -5*q + 68 = -2*x, q + 18 = 2*q + 4*x. Suppose -t + 98 = -0*t. What is the highest common divisor of q and t?
14
Let j = 11 + -6. Suppose 4*w - j*z - 29 = 16, 4*z = w - 25. Suppose m + 13 = -3*m - w*h, 0 = -5*m - 4*h - 5. Calculate the greatest common factor of m and 33.
3
Let d = 36 + -31. What is the greatest common factor of 10 and d?
5
Let h(x) = -x**2 + 7*x + 8. Let t be h(8). Suppose 4*n - 7*n + 21 = t. Let a = n + 1. What is the highest common divisor of 16 and a?
8
Suppose 0 = 3*m - 4*l + 11, 3*m - m = 5*l - 19. What is the highest common factor of m and 3?
3
Let r be 0 + -2 + 25 + 1. Let p be -2 - (-2 + (0 - r)). What is the highest common divisor of p and 192?
24
Let u(a) = -2 - 4*a + 3*a + 9*a. Let y be u(4). Calculate the highest common factor of y and 15.
15
Let t be (-8)/6*(-3)/1. Suppose -8 = t*n - 0, -4*n - 11 = q. Let i(k) = -k**3 + k**2 + 5*k + 3. Let p be i(q). What is the hi